{"id":11863,"date":"2023-06-07T13:35:01","date_gmt":"2023-06-07T13:35:01","guid":{"rendered":"https:\/\/www.milanopride.it\/?page_id=11863"},"modified":"2026-06-26T15:57:06","modified_gmt":"2026-06-26T15:57:06","slug":"parata","status":"publish","type":"page","link":"https:\/\/www.milanopride.it\/it\/parata\/","title":{"rendered":"Parata 2026"},"content":{"rendered":"<p><strong>La parata torna a colorare le vie di Milano. <\/strong><\/p>\n<p>La partecipazione parla chiaro, <strong>i diritti LGBTQIA+ e di tutte le minoranze<\/strong> sono ora nelle priorit\u00e0 della societ\u00e0 civile: allarghiamo i nostri orizzonti e abbracciamo la citt\u00e0, marciando per le strade e rivendicando la nostra autodeterminazione e libert\u00e0.<\/p>\n<p>&nbsp;<\/p>\n<p>Partenza da via Pisani davanti alla Stazione Centrale, direzione Arco della Pace. Qui poi si terr\u00e0 il nostro<strong> grande evento finale<\/strong>: ascolteremo le associazioni LGBTQIA+ e le loro rivendicazioni, con attivist\u0259 di tutto il mondo e i saluti delle istituzioni. A seguire<strong> festa pubblica<\/strong> in piazza per celebrare insieme il Pride.<\/p>\n<p>&nbsp;<\/p>\n<p><strong>Vuoi iscrivere il tuo gruppo alla parata? <\/strong>Aderisci compilando il form sul portale <a href=\"http:\/\/parata.milanopride.it\">parata.milanopride.it<\/a>.<\/p>\n<p><strong>Hai delle domande su come partecipare in parata?<\/strong> <a href=\"https:\/\/www.milanopride.it\/it\/parata\/faqparata\/\">Consulta le FAQ<\/a> o scrivi a <a href=\"mailto:parata@milanopride.it\">parata@milanopride.it<\/a>.<\/p>\n","protected":false},"excerpt":{"rendered":"<p>La parata torna a colorare le vie di Milano. La partecipazione parla chiaro, i diritti LGBTQIA+ e di tutte le minoranze sono ora nelle priorit\u00e0 della societ\u00e0 civile: allarghiamo i nostri orizzonti e abbracciamo la citt\u00e0, marciando per le strade e rivendicando la nostra autodeterminazione e libert\u00e0. &nbsp; Partenza da via Pisani davanti alla Stazione [&hellip;]<\/p>\n","protected":false},"author":12,"featured_media":8511,"parent":0,"menu_order":0,"comment_status":"closed","ping_status":"closed","template":"page-parata.php","meta":{"footnotes":""},"acf":[],"_links":{"self":[{"href":"https:\/\/www.milanopride.it\/it\/wp-json\/wp\/v2\/pages\/11863"}],"collection":[{"href":"https:\/\/www.milanopride.it\/it\/wp-json\/wp\/v2\/pages"}],"about":[{"href":"https:\/\/www.milanopride.it\/it\/wp-json\/wp\/v2\/types\/page"}],"author":[{"embeddable":true,"href":"https:\/\/www.milanopride.it\/it\/wp-json\/wp\/v2\/users\/12"}],"replies":[{"embeddable":true,"href":"https:\/\/www.milanopride.it\/it\/wp-json\/wp\/v2\/comments?post=11863"}],"version-history":[{"count":19,"href":"https:\/\/www.milanopride.it\/it\/wp-json\/wp\/v2\/pages\/11863\/revisions"}],"predecessor-version":[{"id":23402,"href":"https:\/\/www.milanopride.it\/it\/wp-json\/wp\/v2\/pages\/11863\/revisions\/23402"}],"wp:featuredmedia":[{"embeddable":true,"href":"https:\/\/www.milanopride.it\/it\/wp-json\/wp\/v2\/media\/8511"}],"wp:attachment":[{"href":"https:\/\/www.milanopride.it\/it\/wp-json\/wp\/v2\/media?parent=11863"}],"curies":[{"name":"wp","href":"https:\/\/api.w.org\/{rel}","templated":true}]}}

<p><strong>La parata torna a colorare le vie di Milano. </strong></p>
<p>La partecipazione parla chiaro, <strong>i diritti LGBTQIA+ e di tutte le minoranze</strong> sono ora nelle priorità della società civile: allarghiamo i nostri orizzonti e abbracciamo la città, marciando per le strade e rivendicando la nostra autodeterminazione e libertà.</p>
<p>&nbsp;</p>
<p>Partenza da via Pisani davanti alla Stazione Centrale, direzione Arco della Pace. Qui poi si terrà il nostro<strong> grande evento finale</strong>: ascolteremo le associazioni LGBTQIA+ e le loro rivendicazioni, con attivistə di tutto il mondo e i saluti delle istituzioni. A seguire<strong> festa pubblica</strong> in piazza per celebrare insieme il Pride.</p>
<p>&nbsp;</p>
<p><strong>Vuoi iscrivere il tuo gruppo alla parata? </strong>Aderisci compilando il form sul portale <a href="http://parata.milanopride.it">parata.milanopride.it</a>.</p>
<p><strong>Hai delle domande su come partecipare in parata?</strong> <a href="https://www.milanopride.it/it/parata/faqparata/">Consulta le FAQ</a> o scrivi a <a href="mailto:parata@milanopride.it">parata@milanopride.it</a>.</p>

<p>La parata torna a colorare le vie di Milano. La partecipazione parla chiaro, i diritti LGBTQIA+ e di tutte le minoranze sono ora nelle priorità della società civile: allarghiamo i nostri orizzonti e abbracciamo la città, marciando per le strade e rivendicando la nostra autodeterminazione e libertà. &nbsp; Partenza da via Pisani davanti alla Stazione [&hellip;]</p>
